. What is the greatest common factor of z and 2?
2
Let w(g) = g**3 + 30*g**2 - 30*g + 53. Let b be w(-31). Suppose -3*t - 2*v = -3*v - b, -2*t + v + 14 = 0. Calculate the highest common divisor of 68 and t.
4
Suppose -33*g = -176 - 22. Let u(m) = 19*m - 29. Let j be u(5). Calculate the highest common divisor of j and g.
6
Let s(n) = 4*n**2 - 3*n - 2. Let f be s(-2). Let o be 2790/f + (-2)/((-8)/(-6)). Calculate the highest common factor of o and 46.
46
Let x(f) = -f**3 - 13*f**2 - 30*f - 28. Let i = 118 - 129. Let m be x(i). What is the greatest common factor of 140 and m?
20
Let k be ((-20)/5 - -9) + -3. Suppose v + p = -4, -4*v + k*v + 3*p - 28 = 0. Let r be 2/((v/5)/(-4)). What is the highest common divisor of r and 5?
5
Let p(m) = -m**2 - 31*m + 17. Let a be p(-29). Let c be ((-4)/15)/2 + 385/a. Let v be 0 - 1 - (-37 + 1). What is the greatest common factor of c and v?
5
Let o be (-6)/(-15) - 148/(-5). Let k be (-386)/(-30) - 110/(-825). Suppose -2809 = -k*u + 311. What is the highest common factor of u and o?
30
Let j be ((-11)/((-385)/(-21)))/(2/(-20)). Suppose 0 = -3*k - 2*h + 82, 0 = 5*k + j*h - 2*h - 138. Calculate the greatest common divisor of 2 and k.
2
Suppose -41*v + 29502 = 3*i - 42*v, 4*v = 0. Calculate the highest common factor of 66 and i.
66
Let i = 12221 + -12067. Let m(d) = 4*d - 2. Let n be m(4). What is the greatest common factor of n and i?
14
Suppose 15*w - 18*w - 4*z = -2089, 698 = w + z. What is the greatest common factor of 608 and w?
19
Let n be 6/5*(-125)/(-50). Suppose -n*d = -4*c + 83, -4*d = -2*c + 47 - 13. What is the greatest common divisor of c and 92?
23
Suppose 5*n - 1 = 4*g, -6*g + 2*g = -4. Let h be n/(-4) + 3707/44. What is the highest common divisor of 28 and h?
28
Let v(x) = -x**2 - 181*x - 529. Let p be v(-174). Calculate the greatest common factor of 212 and p.
53
Suppose -5*a - 14 = -3*h, -h = a - 0 - 2. Let i be (-3*60/(-35))/(10/35). Suppose h*x + i = 6*x. Calculate the highest common factor of 6 and x.
6
Suppose 0 = 106*x - 121*x + 3225. Let u = 50 - -36. Calculate the greatest common factor of u and x.
43
Let b be (7 - 11)*7/(-14). Suppose 0 = b*y - 37 - 63. Calculate the greatest common factor of 100 and y.
50
Let b(d) = 540*d - 13213. Let z be b(25). What is the highest common divisor of 224 and z?
7
Let x(s) = 3601*s**3 - 3*s**2 + 8*s - 7. Let q be x(1). What is the greatest common factor of 118 and q?
59
Let g be 0/(-4 - -8 - 2). Suppose -f = -4*f + t + 9, g = -t. Suppose 10 + 32 = f*n. What is the greatest common factor of 70 and n?
14
Let m(a) = 19*a - 121. Let o be (7/4)/(12*5/240). Let u be m(o). What is the highest common divisor of u and 108?
12
Suppose -1548 = 270*r - 279*r. Calculate the highest common divisor of r and 7138.
86
Let o = 8 + -20. Let a be 8/o + (-106)/(-6). Suppose 123*q + 737 - 11192 = 0. Calculate the greatest common factor of a and q.
17
Suppose 7*n - 3*n - 360 = 0. Let q be (324/n)/(2/140). What is the greatest common factor of 36 and q?
36
Suppose -4*m + 864 = 4*c, 3*m = -c + 271 + 367. Let h = m - 193. Calculate the greatest common divisor of 144 and h.
18
Let n be 230/(-23)*2*3/6. Let l be -1 + (0 - 6 - n). Calculate the greatest common factor of l and 48.
3
Suppose 0 = -5*a + 3*r + 45, 5*r + 8 = -2*a + r. Let w = 96 - a. Suppose 0*q + 5*b - 175 = -4*q, -2*b = 2*q - w. What is the highest common divisor of q and 10?
10
Let g(d) = 6*d**2 - 7. Let n be g(3). Let p be 1*94/(-4 + (-46)/(-11)). Calculate the highest common factor of n and p.
47
Let g be 8 - (-25 - 4) - 2. Suppose -3*i + 2*f + g + 55 = 0, 3*f = 5*i - 151. Calculate the highest common factor of i and 152.
8
Let r = 167 - 164. Suppose -r*b - 87 + 486 = 0. What is the greatest common factor of 38 and b?
19
Suppose -7*z + 43 = 1. Suppose -59 - 163 = -z*a. Calculate the highest common divisor of a and 296.
37
Let a be (-6 - (259/(-21) - 6))*21. What is the highest common factor of a and 21?
7
Let n(p) = -66*p - 66*p + 198*p + 5 + 6*p**2 + p**3 - 62*p. Let l be n(-4). Calculate the highest common factor of l and 91.
7
Suppose 0 = -3*s - 4*j + 3, -10*s - 57 = -13*s + 5*j. What is the greatest common factor of s and 711?
9
Suppose -500*f + 501*f = -5*y + 1456, 0 = -2*y + 6. Calculate the greatest common factor of f and 55.
11
Let i = -8688 + 11520. Calculate the greatest common divisor of i and 384.
48
Let t(h) = 15*h - 10. Let y be t(1). Let q be 210/(-8)*(-48)/9. What is the highest common divisor of q and y?
5
Suppose 210*w - 53 = 208*w - 5*l, w - 65 = 3*l. Calculate the highest common divisor of w and 1111.
11
Suppose -84*u + 81*u = -18. Let l be (1225/(-14))/(-7) - u/(-4). What is the greatest common factor of 154 and l?
14
Suppose -11*x + 15*x - 5824 = 4*z, -3*z = 2*x - 2912. What is the highest common factor of x and 78?
26
Suppose -2*w - 31*r + 4526 = -35*r, 3*r + 2266 = w. What is the highest common divisor of 61 and w?
61
Let t = -27 - -28. Suppose 3*d - s = 109, 2 = -3*s - t. Suppose -4*y = -3*y + 4, -y - 40 = -4*v. What is the greatest common divisor of v and d?
9
Let v(x) = -90*x - 3681. Let f be v(-44). What is the greatest common factor of f and 387?
9
Let j(k) be the first derivative of k**4/4 + 13*k**3/3 - 19*k**2/2 - 20*k + 47. Let x be j(-14). What is the greatest common divisor of x and 30?
10
Let v be (-61)/(-5)*150/6. Suppose -175*h = -180*h + v. What is the highest common divisor of h and 61?
61
Suppose 5*h - 5*p = 206 + 19, 12 = -4*p. What is the highest common factor of h and 1974?
42
Let a(g) be the second derivative of -g**4/12 + 37*g**3/6 - 23*g**2 - 2*g - 32. Let u be a(35). What is the greatest common factor of u and 56?
8
Let m(d) = 14*d**2 + 30*d - 6. Let b be m(-3). Suppose 3*u - 4*p = b, 2*p + 18 = -u + 3*u. Calculate the highest common divisor of u and 14.
2
Let l(v) = v. Let s(d) = 14*d**2 - 2*d + 3. Let u be s(1). Let c be l(u). What is the highest common factor of 9 and c?
3
Suppose 4*j + 2*x = 65 - 15, -5*j + 2*x = -67. Suppose 2*d + 159 = j. Let q = d + 81. What is the greatest common factor of q and 1?
1
Let u be (-8 + 4 - 1)/((-1)/1). Let s be 86/(-3)*(-2 - -4 - u). What is the highest common factor of 215 and s?
43
Let d be (-25)/(-2)*7/(28/(-40)). Let v be d*(-6 + 0 - -5). Calculate the highest common factor of 25 and v.
25
Let u be 21512/(-14 - -16) + 2. What is the greatest common factor of 33 and u?
33
Suppose -26*h + 4218 + 6240 = 16*h. Calculate the highest common divisor of h and 3569.
83
Let z(k) = 4*k**2 + 237*k + 98. Let u be z(-61). What is the greatest common factor of u and 150?
75
Let v = -609 - -1388. Let x(p) = 1624*p + 8158. Let h be x(-5). What is the greatest common divisor of h and v?
19
Let o(v) = -v**2 + 5*v - 1. Let i be o(4). Suppose 2 = -4*w - z - 7, i*w = -2*z - 8. Let f be 0*1/w + 14 + -2. What is the highest common factor of f and 156?
12
Suppose -4*j + 3*k + 218 = 0, -3*k + 155 = 3*j - k. Let m = -1061 - -1591. Calculate the greatest common factor of m and j.
53
Suppose 2*a - 37 = -29, -x + 3*a + 2208 = 0. Calculate the greatest common factor of 300 and x.
60
Let t be -2*(-1)/(-12) + (-16422)/(-36). Let p = t + -291. Let w = -101 + p. Calculate the greatest common factor of 16 and w.
16
Suppose 5*j - 329 = -216*g + 214*g, -4*j + 5*g = -283. Calculate the greatest common factor of 3 and j.
1
Let z be (-7)/(21/(-2))*79605/58. What is the greatest common factor of 75 and z?
15
Let s be (((-26)/3 - (-17 - -9)) + 1)*15. Let h(w) = -w**2 - 4*w - 3. Let a be h(-3). Suppose a*q + 180 = 4*q. Calculate the greatest common divisor of s and q.
5
Suppose -696*t = -687*t - 549. What is the highest common divisor of t and 3233?
61
Let l = -9123 - -9159. What is the greatest common divisor of l and 2076?
12
Suppose 31*n - 2459 = 4702. Calculate the highest common divisor of 273 and n.
21
Suppose 0 = 49*v - 48*v + 4*f - 42, 0 = -v + 5*f + 6. Calculate the highest common factor of v and 598.
26
Suppose -2*n - 16065 = n. Let j be 1/((-3)/n*5). Calculate the greatest common divisor of j and 17.
17
Suppose 28*s = 31*s - 195. Let u = -14 + s. What is the highest common factor of 153 and u?
51
Suppose -40 + 117 = z - 55. Calculate the highest common factor of 2948 and z.
44
Suppose 0 = -5*w - 10, w + 21 = 5*t + 3*w. Let f be (-96)/(-30) + -3 - (-239)/t. C